{"id":175,"date":"2020-04-17T22:28:17","date_gmt":"2020-04-17T22:28:17","guid":{"rendered":"http:\/\/covid19.saludsonora.gob.mx\/?page_id=175"},"modified":"2020-05-06T13:54:20","modified_gmt":"2020-05-06T20:54:20","slug":"galeria-multimedia","status":"publish","type":"page","link":"http:\/\/covid19.saludsonora.gob.mx\/?page_id=175","title":{"rendered":"Galer\u00eda Multimedia"},"content":{"rendered":"\n<h2 id=\"Videos\">Videos<\/h2>\n\n\n\n<figure class=\"wp-block-embed-youtube wp-block-embed is-type-video is-provider-youtube wp-embed-aspect-16-9 wp-has-aspect-ratio\"><div class=\"wp-block-embed__wrapper\">\n<iframe loading=\"lazy\" title=\"Coronavirus Sonora 1\" width=\"500\" height=\"281\" src=\"https:\/\/www.youtube.com\/embed\/kBzM7tNTVzc?feature=oembed\" frameborder=\"0\" allow=\"accelerometer; autoplay; clipboard-write; encrypted-media; gyroscope; picture-in-picture; web-share\" referrerpolicy=\"strict-origin-when-cross-origin\" allowfullscreen><\/iframe>\n<\/div><\/figure>\n\n\n\n<p>Rosa Mart\u00ednez Moroyoqui, Promotora de Salud de la Etnia Mayo, explica brevemente que es el COVID-19, sus s\u00edntomas y cu\u00e1les son las medidas principales para prevenir enfermarse en lengua Mayo.<\/p>\n\n\n\n<figure class=\"wp-block-embed-youtube aligncenter wp-block-embed is-type-video is-provider-youtube wp-embed-aspect-16-9 wp-has-aspect-ratio wp-embed-aspect-4-3\"><div class=\"wp-block-embed__wrapper\">\n<iframe loading=\"lazy\" title=\"Qu\u00e9date en casa #SaludSonora\" width=\"500\" height=\"375\" src=\"https:\/\/www.youtube.com\/embed\/QRtDUXzCPp0?feature=oembed\" frameborder=\"0\" allow=\"accelerometer; autoplay; clipboard-write; encrypted-media; gyroscope; picture-in-picture; web-share\" referrerpolicy=\"strict-origin-when-cross-origin\" allowfullscreen><\/iframe>\n<\/div><\/figure>\n\n\n\n<figure class=\"wp-block-embed-youtube aligncenter wp-block-embed is-type-video is-provider-youtube wp-embed-aspect-16-9 wp-has-aspect-ratio\"><div class=\"wp-block-embed__wrapper\">\n<iframe loading=\"lazy\" title=\"CORONAVIRUS 2 #SaludSonora\" width=\"500\" height=\"281\" src=\"https:\/\/www.youtube.com\/embed\/V8oA_RfrXzU?feature=oembed\" frameborder=\"0\" allow=\"accelerometer; autoplay; clipboard-write; encrypted-media; gyroscope; picture-in-picture; web-share\" referrerpolicy=\"strict-origin-when-cross-origin\" allowfullscreen><\/iframe>\n<\/div><\/figure>\n\n\n\n<p class=\"has-text-align-left\">Pablo Bautista Ram\u00edrez, Promotor de Salud de la Etnia Triqui, explica brevemente que es el COVID-19, sus s\u00edntomas y cu\u00e1les son las medidas principales para prevenir enfermarse en lengua Triqui.<\/p>\n\n\n\n<figure class=\"wp-block-embed-youtube aligncenter wp-block-embed is-type-video is-provider-youtube wp-embed-aspect-16-9 wp-has-aspect-ratio\"><div class=\"wp-block-embed__wrapper\">\n<iframe loading=\"lazy\" title=\"CORONAVIRUS 3 #SaludSonora\" width=\"500\" height=\"281\" src=\"https:\/\/www.youtube.com\/embed\/a5HI3sI_NS8?feature=oembed\" frameborder=\"0\" allow=\"accelerometer; autoplay; clipboard-write; encrypted-media; gyroscope; picture-in-picture; web-share\" referrerpolicy=\"strict-origin-when-cross-origin\" allowfullscreen><\/iframe>\n<\/div><\/figure>\n\n\n\n<p>Guadalupe Patricia Bernett D\u00edaz, Promotora de Salud de la Etnia Comc\u00e1ac, explica brevemente que es el COVID-19, sus s\u00edntomas y cu\u00e1les son las medidas principales para prevenir enfermarse en lengua Comc\u00e1ac.<\/p>\n\n\n\n<figure class=\"wp-block-embed-youtube aligncenter wp-block-embed is-type-video is-provider-youtube wp-embed-aspect-16-9 wp-has-aspect-ratio\"><div class=\"wp-block-embed__wrapper\">\n<iframe loading=\"lazy\" title=\"CORONAVIRUS 4 #SaludSonora\" width=\"500\" height=\"281\" src=\"https:\/\/www.youtube.com\/embed\/4V38VFQLCcM?feature=oembed\" frameborder=\"0\" allow=\"accelerometer; autoplay; clipboard-write; encrypted-media; gyroscope; picture-in-picture; web-share\" referrerpolicy=\"strict-origin-when-cross-origin\" allowfullscreen><\/iframe>\n<\/div><\/figure>\n\n\n\n<p>Rosenda Maldonado Fuentes, Promotora de Salud de la Etnia Yaqui, explica brevemente que es el COVID-19, sus s\u00edntomas y cu\u00e1les son las medidas principales para prevenir enfermarse en lengua Yaqui.<\/p>\n\n\n\n<figure class=\"wp-block-embed-youtube aligncenter wp-block-embed is-type-video is-provider-youtube wp-embed-aspect-16-9 wp-has-aspect-ratio\"><div class=\"wp-block-embed__wrapper\">\n<iframe loading=\"lazy\" title=\"CORONAVIRUS JINGLE 01 #SaludSonora\" width=\"500\" height=\"281\" src=\"https:\/\/www.youtube.com\/embed\/cX_-RsyDfZ8?feature=oembed\" frameborder=\"0\" allow=\"accelerometer; autoplay; clipboard-write; encrypted-media; gyroscope; picture-in-picture; web-share\" referrerpolicy=\"strict-origin-when-cross-origin\" allowfullscreen><\/iframe>\n<\/div><\/figure>\n\n\n\n<figure class=\"wp-block-embed-youtube aligncenter wp-block-embed is-type-video is-provider-youtube wp-embed-aspect-16-9 wp-has-aspect-ratio\"><div class=\"wp-block-embed__wrapper\">\n<iframe loading=\"lazy\" title=\"Qu\u00e9date en Casa Sonora 2 #SaludSonora\" width=\"500\" height=\"281\" src=\"https:\/\/www.youtube.com\/embed\/dS_A4RLr_pU?feature=oembed\" frameborder=\"0\" allow=\"accelerometer; autoplay; clipboard-write; encrypted-media; gyroscope; picture-in-picture; web-share\" referrerpolicy=\"strict-origin-when-cross-origin\" allowfullscreen><\/iframe>\n<\/div><\/figure>\n\n\n\n<figure class=\"wp-block-embed-youtube aligncenter wp-block-embed is-type-video is-provider-youtube wp-embed-aspect-16-9 wp-has-aspect-ratio\"><div class=\"wp-block-embed__wrapper\">\n<iframe loading=\"lazy\" title=\"QUEDARTE EN CASA ES LA MEJOR MANERA DE AYUDAR #SALUDSONORA\" width=\"500\" height=\"281\" src=\"https:\/\/www.youtube.com\/embed\/QVoiiDeajhA?feature=oembed\" frameborder=\"0\" allow=\"accelerometer; autoplay; clipboard-write; encrypted-media; gyroscope; picture-in-picture; web-share\" referrerpolicy=\"strict-origin-when-cross-origin\" allowfullscreen><\/iframe>\n<\/div><\/figure>\n\n\n\n<figure class=\"wp-block-embed-youtube aligncenter wp-block-embed is-type-video is-provider-youtube wp-embed-aspect-16-9 wp-has-aspect-ratio\"><div class=\"wp-block-embed__wrapper\">\n<iframe loading=\"lazy\" title=\"LAVA TUS MANOS CORONAVIRUS #SaludSonora\" width=\"500\" height=\"281\" src=\"https:\/\/www.youtube.com\/embed\/BVU0yhr68Qg?feature=oembed\" frameborder=\"0\" allow=\"accelerometer; autoplay; clipboard-write; encrypted-media; gyroscope; picture-in-picture; web-share\" referrerpolicy=\"strict-origin-when-cross-origin\" allowfullscreen><\/iframe>\n<\/div><\/figure>\n\n\n\n<figure class=\"wp-block-embed-youtube aligncenter wp-block-embed is-type-video is-provider-youtube wp-embed-aspect-16-9 wp-has-aspect-ratio\"><div class=\"wp-block-embed__wrapper\">\n<iframe loading=\"lazy\" title=\"Evita saludar de mano, coronavirus. #SaludSonora\" width=\"500\" height=\"281\" src=\"https:\/\/www.youtube.com\/embed\/ERoC3ZDr2_A?feature=oembed\" frameborder=\"0\" allow=\"accelerometer; autoplay; clipboard-write; encrypted-media; gyroscope; picture-in-picture; web-share\" referrerpolicy=\"strict-origin-when-cross-origin\" allowfullscreen><\/iframe>\n<\/div><\/figure>\n\n\n\n<figure class=\"wp-block-embed-youtube aligncenter wp-block-embed is-type-video is-provider-youtube wp-embed-aspect-16-9 wp-has-aspect-ratio\"><div class=\"wp-block-embed__wrapper\">\n<iframe loading=\"lazy\" title=\"Alimentate bien, coronavirus. #SaludSonora\" width=\"500\" height=\"281\" src=\"https:\/\/www.youtube.com\/embed\/oVipvDhanss?feature=oembed\" frameborder=\"0\" allow=\"accelerometer; autoplay; clipboard-write; encrypted-media; gyroscope; picture-in-picture; web-share\" referrerpolicy=\"strict-origin-when-cross-origin\" allowfullscreen><\/iframe>\n<\/div><\/figure>\n","protected":false},"excerpt":{"rendered":"<p>Videos Rosa Mart\u00ednez Moroyoqui, Promotora de Salud de la Etnia Mayo, explica brevemente que es el COVID-19, sus s\u00edntomas y cu\u00e1les son las medidas principales para prevenir enfermarse en lengua Mayo. Pablo Bautista Ram\u00edrez, Promotor de Salud de la Etnia Triqui, explica brevemente que es el COVID-19, sus s\u00edntomas y cu\u00e1les son las medidas principales&#8230;<\/p>\n","protected":false},"author":3,"featured_media":0,"parent":0,"menu_order":0,"comment_status":"closed","ping_status":"closed","template":"","meta":{"footnotes":""},"_links":{"self":[{"href":"http:\/\/covid19.saludsonora.gob.mx\/index.php?rest_route=\/wp\/v2\/pages\/175"}],"collection":[{"href":"http:\/\/covid19.saludsonora.gob.mx\/index.php?rest_route=\/wp\/v2\/pages"}],"about":[{"href":"http:\/\/covid19.saludsonora.gob.mx\/index.php?rest_route=\/wp\/v2\/types\/page"}],"author":[{"embeddable":true,"href":"http:\/\/covid19.saludsonora.gob.mx\/index.php?rest_route=\/wp\/v2\/users\/3"}],"replies":[{"embeddable":true,"href":"http:\/\/covid19.saludsonora.gob.mx\/index.php?rest_route=%2Fwp%2Fv2%2Fcomments&post=175"}],"version-history":[{"count":11,"href":"http:\/\/covid19.saludsonora.gob.mx\/index.php?rest_route=\/wp\/v2\/pages\/175\/revisions"}],"predecessor-version":[{"id":281,"href":"http:\/\/covid19.saludsonora.gob.mx\/index.php?rest_route=\/wp\/v2\/pages\/175\/revisions\/281"}],"wp:attachment":[{"href":"http:\/\/covid19.saludsonora.gob.mx\/index.php?rest_route=%2Fwp%2Fv2%2Fmedia&parent=175"}],"curies":[{"name":"wp","href":"https:\/\/api.w.org\/{rel}","templated":true}]}}

Galería Multimedia

<h2 id="Videos">Videos</h2>



<figure class="wp-block-embed-youtube wp-block-embed is-type-video is-provider-youtube wp-embed-aspect-16-9 wp-has-aspect-ratio"><div class="wp-block-embed__wrapper">
<iframe loading="lazy" title="Coronavirus Sonora 1" width="500" height="281" src="https://www.youtube.com/embed/kBzM7tNTVzc?feature=oembed" frameborder="0" allow="accelerometer; autoplay; clipboard-write; encrypted-media; gyroscope; picture-in-picture; web-share" referrerpolicy="strict-origin-when-cross-origin" allowfullscreen></iframe>
</div></figure>



<p>Rosa Martínez Moroyoqui, Promotora de Salud de la Etnia Mayo, explica brevemente que es el COVID-19, sus síntomas y cuáles son las medidas principales para prevenir enfermarse en lengua Mayo.</p>



<figure class="wp-block-embed-youtube aligncenter wp-block-embed is-type-video is-provider-youtube wp-embed-aspect-16-9 wp-has-aspect-ratio wp-embed-aspect-4-3"><div class="wp-block-embed__wrapper">
<iframe loading="lazy" title="Quédate en casa #SaludSonora" width="500" height="375" src="https://www.youtube.com/embed/QRtDUXzCPp0?feature=oembed" frameborder="0" allow="accelerometer; autoplay; clipboard-write; encrypted-media; gyroscope; picture-in-picture; web-share" referrerpolicy="strict-origin-when-cross-origin" allowfullscreen></iframe>
</div></figure>



<figure class="wp-block-embed-youtube aligncenter wp-block-embed is-type-video is-provider-youtube wp-embed-aspect-16-9 wp-has-aspect-ratio"><div class="wp-block-embed__wrapper">
<iframe loading="lazy" title="CORONAVIRUS 2 #SaludSonora" width="500" height="281" src="https://www.youtube.com/embed/V8oA_RfrXzU?feature=oembed" frameborder="0" allow="accelerometer; autoplay; clipboard-write; encrypted-media; gyroscope; picture-in-picture; web-share" referrerpolicy="strict-origin-when-cross-origin" allowfullscreen></iframe>
</div></figure>



<p class="has-text-align-left">Pablo Bautista Ramírez, Promotor de Salud de la Etnia Triqui, explica brevemente que es el COVID-19, sus síntomas y cuáles son las medidas principales para prevenir enfermarse en lengua Triqui.</p>



<figure class="wp-block-embed-youtube aligncenter wp-block-embed is-type-video is-provider-youtube wp-embed-aspect-16-9 wp-has-aspect-ratio"><div class="wp-block-embed__wrapper">
<iframe loading="lazy" title="CORONAVIRUS 3 #SaludSonora" width="500" height="281" src="https://www.youtube.com/embed/a5HI3sI_NS8?feature=oembed" frameborder="0" allow="accelerometer; autoplay; clipboard-write; encrypted-media; gyroscope; picture-in-picture; web-share" referrerpolicy="strict-origin-when-cross-origin" allowfullscreen></iframe>
</div></figure>



<p>Guadalupe Patricia Bernett Díaz, Promotora de Salud de la Etnia Comcáac, explica brevemente que es el COVID-19, sus síntomas y cuáles son las medidas principales para prevenir enfermarse en lengua Comcáac.</p>



<figure class="wp-block-embed-youtube aligncenter wp-block-embed is-type-video is-provider-youtube wp-embed-aspect-16-9 wp-has-aspect-ratio"><div class="wp-block-embed__wrapper">
<iframe loading="lazy" title="CORONAVIRUS 4 #SaludSonora" width="500" height="281" src="https://www.youtube.com/embed/4V38VFQLCcM?feature=oembed" frameborder="0" allow="accelerometer; autoplay; clipboard-write; encrypted-media; gyroscope; picture-in-picture; web-share" referrerpolicy="strict-origin-when-cross-origin" allowfullscreen></iframe>
</div></figure>



<p>Rosenda Maldonado Fuentes, Promotora de Salud de la Etnia Yaqui, explica brevemente que es el COVID-19, sus síntomas y cuáles son las medidas principales para prevenir enfermarse en lengua Yaqui.</p>



<figure class="wp-block-embed-youtube aligncenter wp-block-embed is-type-video is-provider-youtube wp-embed-aspect-16-9 wp-has-aspect-ratio"><div class="wp-block-embed__wrapper">
<iframe loading="lazy" title="CORONAVIRUS JINGLE 01 #SaludSonora" width="500" height="281" src="https://www.youtube.com/embed/cX_-RsyDfZ8?feature=oembed" frameborder="0" allow="accelerometer; autoplay; clipboard-write; encrypted-media; gyroscope; picture-in-picture; web-share" referrerpolicy="strict-origin-when-cross-origin" allowfullscreen></iframe>
</div></figure>



<figure class="wp-block-embed-youtube aligncenter wp-block-embed is-type-video is-provider-youtube wp-embed-aspect-16-9 wp-has-aspect-ratio"><div class="wp-block-embed__wrapper">
<iframe loading="lazy" title="Quédate en Casa Sonora 2 #SaludSonora" width="500" height="281" src="https://www.youtube.com/embed/dS_A4RLr_pU?feature=oembed" frameborder="0" allow="accelerometer; autoplay; clipboard-write; encrypted-media; gyroscope; picture-in-picture; web-share" referrerpolicy="strict-origin-when-cross-origin" allowfullscreen></iframe>
</div></figure>



<figure class="wp-block-embed-youtube aligncenter wp-block-embed is-type-video is-provider-youtube wp-embed-aspect-16-9 wp-has-aspect-ratio"><div class="wp-block-embed__wrapper">
<iframe loading="lazy" title="QUEDARTE EN CASA ES LA MEJOR MANERA DE AYUDAR #SALUDSONORA" width="500" height="281" src="https://www.youtube.com/embed/QVoiiDeajhA?feature=oembed" frameborder="0" allow="accelerometer; autoplay; clipboard-write; encrypted-media; gyroscope; picture-in-picture; web-share" referrerpolicy="strict-origin-when-cross-origin" allowfullscreen></iframe>
</div></figure>



<figure class="wp-block-embed-youtube aligncenter wp-block-embed is-type-video is-provider-youtube wp-embed-aspect-16-9 wp-has-aspect-ratio"><div class="wp-block-embed__wrapper">
<iframe loading="lazy" title="LAVA TUS MANOS CORONAVIRUS #SaludSonora" width="500" height="281" src="https://www.youtube.com/embed/BVU0yhr68Qg?feature=oembed" frameborder="0" allow="accelerometer; autoplay; clipboard-write; encrypted-media; gyroscope; picture-in-picture; web-share" referrerpolicy="strict-origin-when-cross-origin" allowfullscreen></iframe>
</div></figure>



<figure class="wp-block-embed-youtube aligncenter wp-block-embed is-type-video is-provider-youtube wp-embed-aspect-16-9 wp-has-aspect-ratio"><div class="wp-block-embed__wrapper">
<iframe loading="lazy" title="Evita saludar de mano, coronavirus. #SaludSonora" width="500" height="281" src="https://www.youtube.com/embed/ERoC3ZDr2_A?feature=oembed" frameborder="0" allow="accelerometer; autoplay; clipboard-write; encrypted-media; gyroscope; picture-in-picture; web-share" referrerpolicy="strict-origin-when-cross-origin" allowfullscreen></iframe>
</div></figure>



<figure class="wp-block-embed-youtube aligncenter wp-block-embed is-type-video is-provider-youtube wp-embed-aspect-16-9 wp-has-aspect-ratio"><div class="wp-block-embed__wrapper">
<iframe loading="lazy" title="Alimentate bien, coronavirus. #SaludSonora" width="500" height="281" src="https://www.youtube.com/embed/oVipvDhanss?feature=oembed" frameborder="0" allow="accelerometer; autoplay; clipboard-write; encrypted-media; gyroscope; picture-in-picture; web-share" referrerpolicy="strict-origin-when-cross-origin" allowfullscreen></iframe>
</div></figure>

<p>Videos Rosa Martínez Moroyoqui, Promotora de Salud de la Etnia Mayo, explica brevemente que es el COVID-19, sus síntomas y cuáles son las medidas principales para prevenir enfermarse en lengua Mayo. Pablo Bautista Ramírez, Promotor de Salud de la Etnia Triqui, explica brevemente que es el COVID-19, sus síntomas y cuáles son las medidas principales&#8230;</p>
