{"id":132,"date":"2020-04-17T18:41:17","date_gmt":"2020-04-17T18:41:17","guid":{"rendered":"http:\/\/covid19.saludsonora.gob.mx\/?page_id=132"},"modified":"2021-06-10T12:49:22","modified_gmt":"2021-06-10T19:49:22","slug":"bienestar-relaciones","status":"publish","type":"page","link":"http:\/\/covid19.saludsonora.gob.mx\/?page_id=132","title":{"rendered":"Material de Apoyo"},"content":{"rendered":"\n<h2 id=\"Alimentacion\">Alimentaci\u00f3n<\/h2>\n\n\n\n<div class=\"wp-block-image size-full\"><figure class=\"aligncenter\"><img decoding=\"async\" src=\"http:\/\/covid19.saludsonora.gob.mx\/wp-content\/uploads\/2020\/08\/VITAMINA-C-1.jpg\" alt=\"\" class=\"wp-image-206\"\/><\/figure><\/div>\n\n\n\n<figure class=\"wp-block-image size-full\"><img decoding=\"async\" src=\"http:\/\/covid19.saludsonora.gob.mx\/wp-content\/uploads\/2020\/08\/VITAMINA-A.jpg\" alt=\"\" class=\"wp-image-206\"\/><\/figure>\n\n\n\n<div class=\"wp-block-image size-full\"><figure class=\"aligncenter\"><img decoding=\"async\" src=\"http:\/\/covid19.saludsonora.gob.mx\/wp-content\/uploads\/2020\/08\/EVTA-PROCURA-2.jpg\" alt=\"\" class=\"wp-image-206\"\/><\/figure><\/div>\n\n\n\n<div class=\"wp-block-image size-full\"><figure class=\"aligncenter size-large\"><img loading=\"lazy\" decoding=\"async\" width=\"1024\" height=\"1024\" src=\"http:\/\/covid19.saludsonora.gob.mx\/wp-content\/uploads\/2020\/08\/EL-PODER-DE-LA-VITAMINA-D-1024x1024.jpg\" alt=\"\" class=\"wp-image-1630\" srcset=\"http:\/\/covid19.saludsonora.gob.mx\/wp-content\/uploads\/2020\/08\/EL-PODER-DE-LA-VITAMINA-D-1024x1024.jpg 1024w, http:\/\/covid19.saludsonora.gob.mx\/wp-content\/uploads\/2020\/08\/EL-PODER-DE-LA-VITAMINA-D-300x300.jpg 300w, http:\/\/covid19.saludsonora.gob.mx\/wp-content\/uploads\/2020\/08\/EL-PODER-DE-LA-VITAMINA-D-150x150.jpg 150w, http:\/\/covid19.saludsonora.gob.mx\/wp-content\/uploads\/2020\/08\/EL-PODER-DE-LA-VITAMINA-D-1536x1536.jpg 1536w, http:\/\/covid19.saludsonora.gob.mx\/wp-content\/uploads\/2020\/08\/EL-PODER-DE-LA-VITAMINA-D-2048x2048.jpg 2048w\" sizes=\"(max-width: 1024px) 100vw, 1024px\" \/><\/figure><\/div>\n\n\n\n<figure class=\"wp-block-image size-full\"><img decoding=\"async\" src=\"http:\/\/covid19.saludsonora.gob.mx\/wp-content\/uploads\/2020\/08\/BANO-DE-SOL-VITAMINA-D-final.jpg\" alt=\"\" class=\"wp-image-206\"\/><\/figure>\n\n\n\n<div class=\"wp-block-image\"><figure class=\"aligncenter size-full\"><img loading=\"lazy\" decoding=\"async\" width=\"2286\" height=\"2418\" src=\"http:\/\/covid19.saludsonora.gob.mx\/wp-content\/uploads\/2020\/08\/ALIMENTATE-BIEN.jpg\" alt=\"\" class=\"wp-image-1628\" srcset=\"http:\/\/covid19.saludsonora.gob.mx\/wp-content\/uploads\/2020\/08\/ALIMENTATE-BIEN.jpg 2286w, http:\/\/covid19.saludsonora.gob.mx\/wp-content\/uploads\/2020\/08\/ALIMENTATE-BIEN-768x812.jpg 768w\" sizes=\"(max-width: 2286px) 100vw, 2286px\" \/><\/figure><\/div>\n\n\n\n<div class=\"wp-block-image size-full\"><figure class=\"aligncenter size-large\"><img loading=\"lazy\" decoding=\"async\" width=\"1024\" height=\"1024\" src=\"http:\/\/covid19.saludsonora.gob.mx\/wp-content\/uploads\/2020\/08\/ALIMENTACION7-1024x1024.jpeg\" alt=\"\" class=\"wp-image-1627\" srcset=\"http:\/\/covid19.saludsonora.gob.mx\/wp-content\/uploads\/2020\/08\/ALIMENTACION7-1024x1024.jpeg 1024w, http:\/\/covid19.saludsonora.gob.mx\/wp-content\/uploads\/2020\/08\/ALIMENTACION7-300x300.jpeg 300w, http:\/\/covid19.saludsonora.gob.mx\/wp-content\/uploads\/2020\/08\/ALIMENTACION7-150x150.jpeg 150w, http:\/\/covid19.saludsonora.gob.mx\/wp-content\/uploads\/2020\/08\/ALIMENTACION7-768x768.jpeg 768w, http:\/\/covid19.saludsonora.gob.mx\/wp-content\/uploads\/2020\/08\/ALIMENTACION7-1536x1536.jpeg 1536w, http:\/\/covid19.saludsonora.gob.mx\/wp-content\/uploads\/2020\/08\/ALIMENTACION7-2048x2048.jpeg 2048w, http:\/\/covid19.saludsonora.gob.mx\/wp-content\/uploads\/2020\/08\/ALIMENTACION7.jpeg 1280w\" sizes=\"(max-width: 1024px) 100vw, 1024px\" \/><\/figure><\/div>\n\n\n\n<div class=\"wp-block-image size-full\"><figure class=\"aligncenter size-large\"><img loading=\"lazy\" decoding=\"async\" width=\"1024\" height=\"1024\" src=\"http:\/\/covid19.saludsonora.gob.mx\/wp-content\/uploads\/2020\/08\/ALIMENTACION6-1024x1024.jpeg\" alt=\"\" class=\"wp-image-1626\" srcset=\"http:\/\/covid19.saludsonora.gob.mx\/wp-content\/uploads\/2020\/08\/ALIMENTACION6-1024x1024.jpeg 1024w, http:\/\/covid19.saludsonora.gob.mx\/wp-content\/uploads\/2020\/08\/ALIMENTACION6-300x300.jpeg 300w, http:\/\/covid19.saludsonora.gob.mx\/wp-content\/uploads\/2020\/08\/ALIMENTACION6-150x150.jpeg 150w, http:\/\/covid19.saludsonora.gob.mx\/wp-content\/uploads\/2020\/08\/ALIMENTACION6-768x768.jpeg 768w, http:\/\/covid19.saludsonora.gob.mx\/wp-content\/uploads\/2020\/08\/ALIMENTACION6-1536x1536.jpeg 1536w, http:\/\/covid19.saludsonora.gob.mx\/wp-content\/uploads\/2020\/08\/ALIMENTACION6-2048x2048.jpeg 2048w, http:\/\/covid19.saludsonora.gob.mx\/wp-content\/uploads\/2020\/08\/ALIMENTACION6.jpeg 1280w\" sizes=\"(max-width: 1024px) 100vw, 1024px\" \/><\/figure><\/div>\n\n\n\n<div class=\"wp-block-image size-full\"><figure class=\"aligncenter size-large\"><img loading=\"lazy\" decoding=\"async\" width=\"1024\" height=\"1024\" src=\"http:\/\/covid19.saludsonora.gob.mx\/wp-content\/uploads\/2020\/08\/ALIMENTACION5-1024x1024.jpeg\" alt=\"\" class=\"wp-image-1625\" srcset=\"http:\/\/covid19.saludsonora.gob.mx\/wp-content\/uploads\/2020\/08\/ALIMENTACION5-1024x1024.jpeg 1024w, http:\/\/covid19.saludsonora.gob.mx\/wp-content\/uploads\/2020\/08\/ALIMENTACION5-300x300.jpeg 300w, http:\/\/covid19.saludsonora.gob.mx\/wp-content\/uploads\/2020\/08\/ALIMENTACION5-150x150.jpeg 150w, http:\/\/covid19.saludsonora.gob.mx\/wp-content\/uploads\/2020\/08\/ALIMENTACION5-768x768.jpeg 768w, http:\/\/covid19.saludsonora.gob.mx\/wp-content\/uploads\/2020\/08\/ALIMENTACION5-1536x1536.jpeg 1536w, http:\/\/covid19.saludsonora.gob.mx\/wp-content\/uploads\/2020\/08\/ALIMENTACION5-2048x2048.jpeg 2048w, http:\/\/covid19.saludsonora.gob.mx\/wp-content\/uploads\/2020\/08\/ALIMENTACION5.jpeg 1280w\" sizes=\"(max-width: 1024px) 100vw, 1024px\" \/><\/figure><\/div>\n\n\n\n<figure class=\"wp-block-image size-large size-full\"><img loading=\"lazy\" decoding=\"async\" width=\"1024\" height=\"1024\" src=\"http:\/\/covid19.saludsonora.gob.mx\/wp-content\/uploads\/2020\/08\/ALIMENTACION4-1024x1024.jpeg\" alt=\"\" class=\"wp-image-1624\" srcset=\"http:\/\/covid19.saludsonora.gob.mx\/wp-content\/uploads\/2020\/08\/ALIMENTACION4-1024x1024.jpeg 1024w, http:\/\/covid19.saludsonora.gob.mx\/wp-content\/uploads\/2020\/08\/ALIMENTACION4-300x300.jpeg 300w, http:\/\/covid19.saludsonora.gob.mx\/wp-content\/uploads\/2020\/08\/ALIMENTACION4-150x150.jpeg 150w, http:\/\/covid19.saludsonora.gob.mx\/wp-content\/uploads\/2020\/08\/ALIMENTACION4-768x768.jpeg 768w, http:\/\/covid19.saludsonora.gob.mx\/wp-content\/uploads\/2020\/08\/ALIMENTACION4-1536x1536.jpeg 1536w, http:\/\/covid19.saludsonora.gob.mx\/wp-content\/uploads\/2020\/08\/ALIMENTACION4-2048x2048.jpeg 2048w, http:\/\/covid19.saludsonora.gob.mx\/wp-content\/uploads\/2020\/08\/ALIMENTACION4.jpeg 1280w\" sizes=\"(max-width: 1024px) 100vw, 1024px\" \/><\/figure>\n\n\n\n<div class=\"wp-block-image size-full\"><figure class=\"aligncenter size-large\"><img loading=\"lazy\" decoding=\"async\" width=\"1024\" height=\"1024\" src=\"http:\/\/covid19.saludsonora.gob.mx\/wp-content\/uploads\/2020\/08\/ALIMENTACION3-1024x1024.jpeg\" alt=\"\" class=\"wp-image-1623\" srcset=\"http:\/\/covid19.saludsonora.gob.mx\/wp-content\/uploads\/2020\/08\/ALIMENTACION3-1024x1024.jpeg 1024w, http:\/\/covid19.saludsonora.gob.mx\/wp-content\/uploads\/2020\/08\/ALIMENTACION3-300x300.jpeg 300w, http:\/\/covid19.saludsonora.gob.mx\/wp-content\/uploads\/2020\/08\/ALIMENTACION3-150x150.jpeg 150w, http:\/\/covid19.saludsonora.gob.mx\/wp-content\/uploads\/2020\/08\/ALIMENTACION3-768x768.jpeg 768w, http:\/\/covid19.saludsonora.gob.mx\/wp-content\/uploads\/2020\/08\/ALIMENTACION3-1536x1536.jpeg 1536w, http:\/\/covid19.saludsonora.gob.mx\/wp-content\/uploads\/2020\/08\/ALIMENTACION3-2048x2048.jpeg 2048w, http:\/\/covid19.saludsonora.gob.mx\/wp-content\/uploads\/2020\/08\/ALIMENTACION3.jpeg 1280w\" sizes=\"(max-width: 1024px) 100vw, 1024px\" \/><\/figure><\/div>\n\n\n\n<figure class=\"wp-block-image size-large size-full\"><img loading=\"lazy\" decoding=\"async\" width=\"1024\" height=\"1024\" src=\"http:\/\/covid19.saludsonora.gob.mx\/wp-content\/uploads\/2020\/08\/ALIMENTACION2-1024x1024.jpeg\" alt=\"\" class=\"wp-image-1622\" srcset=\"http:\/\/covid19.saludsonora.gob.mx\/wp-content\/uploads\/2020\/08\/ALIMENTACION2-1024x1024.jpeg 1024w, http:\/\/covid19.saludsonora.gob.mx\/wp-content\/uploads\/2020\/08\/ALIMENTACION2-300x300.jpeg 300w, http:\/\/covid19.saludsonora.gob.mx\/wp-content\/uploads\/2020\/08\/ALIMENTACION2-150x150.jpeg 150w, http:\/\/covid19.saludsonora.gob.mx\/wp-content\/uploads\/2020\/08\/ALIMENTACION2-768x767.jpeg 768w, http:\/\/covid19.saludsonora.gob.mx\/wp-content\/uploads\/2020\/08\/ALIMENTACION2-1536x1536.jpeg 1536w, http:\/\/covid19.saludsonora.gob.mx\/wp-content\/uploads\/2020\/08\/ALIMENTACION2-2048x2048.jpeg 2048w, http:\/\/covid19.saludsonora.gob.mx\/wp-content\/uploads\/2020\/08\/ALIMENTACION2.jpeg 1280w\" sizes=\"(max-width: 1024px) 100vw, 1024px\" \/><\/figure>\n\n\n\n<div class=\"wp-block-image size-full\"><figure class=\"aligncenter size-large\"><img loading=\"lazy\" decoding=\"async\" width=\"1024\" height=\"1024\" src=\"http:\/\/covid19.saludsonora.gob.mx\/wp-content\/uploads\/2020\/08\/ALIMENTACION1-1024x1024.jpeg\" alt=\"\" class=\"wp-image-1621\" srcset=\"http:\/\/covid19.saludsonora.gob.mx\/wp-content\/uploads\/2020\/08\/ALIMENTACION1-1024x1024.jpeg 1024w, http:\/\/covid19.saludsonora.gob.mx\/wp-content\/uploads\/2020\/08\/ALIMENTACION1-300x300.jpeg 300w, http:\/\/covid19.saludsonora.gob.mx\/wp-content\/uploads\/2020\/08\/ALIMENTACION1-150x150.jpeg 150w, http:\/\/covid19.saludsonora.gob.mx\/wp-content\/uploads\/2020\/08\/ALIMENTACION1-768x768.jpeg 768w, http:\/\/covid19.saludsonora.gob.mx\/wp-content\/uploads\/2020\/08\/ALIMENTACION1-1536x1536.jpeg 1536w, http:\/\/covid19.saludsonora.gob.mx\/wp-content\/uploads\/2020\/08\/ALIMENTACION1-2048x2048.jpeg 2048w, http:\/\/covid19.saludsonora.gob.mx\/wp-content\/uploads\/2020\/08\/ALIMENTACION1.jpeg 1280w\" sizes=\"(max-width: 1024px) 100vw, 1024px\" \/><\/figure><\/div>\n\n\n\n<div class=\"wp-block-image size-full\"><figure class=\"aligncenter\"><img decoding=\"async\" src=\"http:\/\/covid19.saludsonora.gob.mx\/wp-content\/uploads\/2020\/08\/ALIMENTACION-Y-SUPLEMENTACION.jpg\" alt=\"\" class=\"wp-image-206\"\/><\/figure><\/div>\n\n\n\n<div class=\"wp-block-image\"><figure class=\"aligncenter size-large\"><img loading=\"lazy\" decoding=\"async\" width=\"1024\" height=\"1024\" src=\"http:\/\/covid19.saludsonora.gob.mx\/wp-content\/uploads\/2020\/07\/TE-DE-JENGIBRE-1-1024x1024.jpg\" alt=\"\" class=\"wp-image-1114\" srcset=\"http:\/\/covid19.saludsonora.gob.mx\/wp-content\/uploads\/2020\/07\/TE-DE-JENGIBRE-1-1024x1024.jpg 1024w, http:\/\/covid19.saludsonora.gob.mx\/wp-content\/uploads\/2020\/07\/TE-DE-JENGIBRE-1-300x300.jpg 300w, http:\/\/covid19.saludsonora.gob.mx\/wp-content\/uploads\/2020\/07\/TE-DE-JENGIBRE-1-150x150.jpg 150w, http:\/\/covid19.saludsonora.gob.mx\/wp-content\/uploads\/2020\/07\/TE-DE-JENGIBRE-1-1536x1536.jpg 1536w, http:\/\/covid19.saludsonora.gob.mx\/wp-content\/uploads\/2020\/07\/TE-DE-JENGIBRE-1-2048x2048.jpg 2048w\" sizes=\"(max-width: 1024px) 100vw, 1024px\" \/><\/figure><\/div>\n\n\n\n<div class=\"wp-block-image size-full\"><figure class=\"aligncenter\"><img decoding=\"async\" src=\"http:\/\/covid19.saludsonora.gob.mx\/wp-content\/uploads\/2020\/07\/TE-DE-GORDOLOBO-FINAL.jpg\" alt=\"\" class=\"wp-image-206\"\/><\/figure><\/div>\n\n\n\n<div class=\"wp-block-image size-full\"><figure class=\"aligncenter\"><img decoding=\"async\" src=\"http:\/\/covid19.saludsonora.gob.mx\/wp-content\/uploads\/2020\/07\/TE-DE-EUCALIPTO-FINAL-1.jpg\" alt=\"\" class=\"wp-image-206\"\/><\/figure><\/div>\n\n\n\n<figure class=\"wp-block-image size-full\"><img loading=\"lazy\" decoding=\"async\" width=\"2001\" height=\"1234\" src=\"http:\/\/covid19.saludsonora.gob.mx\/wp-content\/uploads\/2020\/06\/PLATILLOS-SALUDABLES-03r.jpg\" alt=\"\" class=\"wp-image-915\" srcset=\"http:\/\/covid19.saludsonora.gob.mx\/wp-content\/uploads\/2020\/06\/PLATILLOS-SALUDABLES-03r.jpg 2001w, http:\/\/covid19.saludsonora.gob.mx\/wp-content\/uploads\/2020\/06\/PLATILLOS-SALUDABLES-03r-768x473.jpg 768w\" sizes=\"(max-width: 2001px) 100vw, 2001px\" \/><\/figure>\n\n\n\n<figure class=\"wp-block-image size-full\"><img loading=\"lazy\" decoding=\"async\" width=\"2000\" height=\"1150\" src=\"http:\/\/covid19.saludsonora.gob.mx\/wp-content\/uploads\/2020\/06\/PLATILLOS-SALUDABLES-01r.jpg\" alt=\"\" class=\"wp-image-913\" srcset=\"http:\/\/covid19.saludsonora.gob.mx\/wp-content\/uploads\/2020\/06\/PLATILLOS-SALUDABLES-01r.jpg 2000w, http:\/\/covid19.saludsonora.gob.mx\/wp-content\/uploads\/2020\/06\/PLATILLOS-SALUDABLES-01r-768x441.jpg 768w\" sizes=\"(max-width: 2000px) 100vw, 2000px\" \/><\/figure>\n\n\n\n<figure class=\"wp-block-image size-full\"><img loading=\"lazy\" decoding=\"async\" width=\"2000\" height=\"1233\" src=\"http:\/\/covid19.saludsonora.gob.mx\/wp-content\/uploads\/2020\/06\/PLATILLOS-SALUDABLES-02r.jpg\" alt=\"\" class=\"wp-image-914\" srcset=\"http:\/\/covid19.saludsonora.gob.mx\/wp-content\/uploads\/2020\/06\/PLATILLOS-SALUDABLES-02r.jpg 2000w, http:\/\/covid19.saludsonora.gob.mx\/wp-content\/uploads\/2020\/06\/PLATILLOS-SALUDABLES-02r-768x473.jpg 768w\" sizes=\"(max-width: 2000px) 100vw, 2000px\" \/><\/figure>\n\n\n\n<figure class=\"wp-block-image size-full\"><img decoding=\"async\" src=\"http:\/\/covid19.saludsonora.gob.mx\/wp-content\/uploads\/2020\/05\/4desayunos-01.jpg\" alt=\"\" class=\"wp-image-206\"\/><\/figure>\n\n\n\n<figure class=\"wp-block-image size-full\"><img decoding=\"async\" src=\"http:\/\/covid19.saludsonora.gob.mx\/wp-content\/uploads\/2020\/05\/2colaciones-saludables-01.jpg\" alt=\"\" class=\"wp-image-206\"\/><\/figure>\n\n\n\n<figure class=\"wp-block-image size-full\"><img decoding=\"async\" src=\"http:\/\/covid19.saludsonora.gob.mx\/wp-content\/uploads\/2020\/05\/1RECETAS-01.jpg\" alt=\"\" class=\"wp-image-206\"\/><\/figure>\n\n\n\n<figure class=\"wp-block-image size-full\"><img decoding=\"async\" src=\"http:\/\/covid19.saludsonora.gob.mx\/wp-content\/uploads\/2020\/05\/3snacks-saludables-01.jpg\" alt=\"\" class=\"wp-image-206\"\/><\/figure>\n\n\n\n<h2 id=\"Familia\">Material de Apoyo Para Cuidados en la Familia<\/h2>\n\n\n\n<figure class=\"wp-block-image size-full\"><img decoding=\"async\" src=\"http:\/\/covid19.saludsonora.gob.mx\/wp-content\/uploads\/2021\/04\/DECALOGO-INFANTIL-FINAL.jpg\" alt=\"\" class=\"wp-image-206\"\/><\/figure>\n\n\n\n<figure class=\"wp-block-image size-full\"><img decoding=\"async\" src=\"http:\/\/covid19.saludsonora.gob.mx\/wp-content\/uploads\/2020\/08\/QUE-HACER-SI-TENGO-COVID-2.jpg\" alt=\"\" class=\"wp-image-206\"\/><\/figure>\n\n\n\n<figure class=\"wp-block-image size-full\"><img decoding=\"async\" src=\"http:\/\/covid19.saludsonora.gob.mx\/wp-content\/uploads\/2020\/08\/REGRESO-SEGURO-1.jpg\" alt=\"\" class=\"wp-image-206\"\/><\/figure>\n\n\n\n<figure class=\"wp-block-image size-full\"><img decoding=\"async\" src=\"http:\/\/covid19.saludsonora.gob.mx\/wp-content\/uploads\/2020\/07\/PROTECCION-PERSONAL-1.jpg\" alt=\"\" class=\"wp-image-206\"\/><\/figure>\n\n\n\n<figure class=\"wp-block-image size-full\"><img decoding=\"async\" src=\"http:\/\/covid19.saludsonora.gob.mx\/wp-content\/uploads\/2020\/06\/CALMA.jpg\" alt=\"\" class=\"wp-image-827\"\/><\/figure>\n\n\n\n<figure class=\"wp-block-image size-full\"><img decoding=\"async\" src=\"http:\/\/covid19.saludsonora.gob.mx\/wp-content\/uploads\/2020\/06\/Probabilidad-de-Contagio-COVID.jpg\" alt=\"\" class=\"wp-image-206\"\/><\/figure>\n\n\n\n<figure class=\"wp-block-image size-full\"><img decoding=\"async\" src=\"http:\/\/covid19.saludsonora.gob.mx\/wp-content\/uploads\/2020\/06\/Escala-de-Riesgo-COVID.jpg\" alt=\"\" class=\"wp-image-206\"\/><\/figure>\n\n\n\n<figure class=\"wp-block-image size-full\"><img decoding=\"async\" src=\"http:\/\/covid19.saludsonora.gob.mx\/wp-content\/uploads\/2020\/06\/SEMAFORO-PROBABILIDAD-DE-CONTAGIO.jpg\" alt=\"\" class=\"wp-image-206\"\/><\/figure>\n\n\n\n<figure class=\"wp-block-image size-full\"><img decoding=\"async\" src=\"http:\/\/covid19.saludsonora.gob.mx\/wp-content\/uploads\/2020\/06\/sanadistancia-01.jpg\" alt=\"\" class=\"wp-image-206\"\/><\/figure>\n\n\n\n<figure class=\"wp-block-image size-full\"><img decoding=\"async\" src=\"http:\/\/covid19.saludsonora.gob.mx\/wp-content\/uploads\/2020\/06\/sanadistancia-02.jpg\" alt=\"\" class=\"wp-image-206\"\/><\/figure>\n\n\n\n<figure class=\"wp-block-image size-full\"><img decoding=\"async\" src=\"http:\/\/covid19.saludsonora.gob.mx\/wp-content\/uploads\/2020\/06\/sanadistancia-03.jpg\" alt=\"\" class=\"wp-image-206\"\/><\/figure>\n\n\n\n<figure class=\"wp-block-image size-full\"><img decoding=\"async\" src=\"http:\/\/covid19.saludsonora.gob.mx\/wp-content\/uploads\/2020\/05\/SEUNBUENVECINO.jpg\" alt=\"\" class=\"wp-image-206\"\/><\/figure>\n\n\n\n<figure class=\"wp-block-image size-full\"><img loading=\"lazy\" decoding=\"async\" width=\"1280\" height=\"853\" src=\"http:\/\/covid19.saludsonora.gob.mx\/wp-content\/uploads\/2020\/05\/LACTANCIAENTIEMPOSDECOVID1.jpg\" alt=\"\" class=\"wp-image-345\" srcset=\"http:\/\/covid19.saludsonora.gob.mx\/wp-content\/uploads\/2020\/05\/LACTANCIAENTIEMPOSDECOVID1.jpg 1280w, http:\/\/covid19.saludsonora.gob.mx\/wp-content\/uploads\/2020\/05\/LACTANCIAENTIEMPOSDECOVID1-768x511.jpg 768w\" sizes=\"(max-width: 1280px) 100vw, 1280px\" \/><\/figure>\n\n\n\n<figure class=\"wp-block-image size-full\"><img decoding=\"async\" src=\"http:\/\/covid19.saludsonora.gob.mx\/wp-content\/uploads\/2020\/05\/PUEDOAMAMANTARAMIBEBE2.jpg\" alt=\"\" class=\"wp-image-206\"\/><\/figure>\n\n\n\n<figure class=\"wp-block-image size-full\"><img decoding=\"async\" src=\"http:\/\/covid19.saludsonora.gob.mx\/wp-content\/uploads\/2020\/05\/PUEDOCONTAGIAR3.jpg\" alt=\"\" class=\"wp-image-206\"\/><\/figure>\n\n\n\n<figure class=\"wp-block-image size-full\"><img loading=\"lazy\" decoding=\"async\" width=\"1701\" height=\"2362\" src=\"http:\/\/covid19.saludsonora.gob.mx\/wp-content\/uploads\/2020\/04\/ABUELOS.jpg\" alt=\"\" class=\"wp-image-206\" srcset=\"http:\/\/covid19.saludsonora.gob.mx\/wp-content\/uploads\/2020\/04\/ABUELOS.jpg 1701w, http:\/\/covid19.saludsonora.gob.mx\/wp-content\/uploads\/2020\/04\/ABUELOS-768x1066.jpg 768w\" sizes=\"(max-width: 1701px) 100vw, 1701px\" \/><\/figure>\n\n\n\n<figure class=\"wp-block-image size-full\"><img decoding=\"async\" src=\"http:\/\/covid19.saludsonora.gob.mx\/wp-content\/uploads\/2020\/04\/NOTATRANSPORTE.jpg\" alt=\"\" class=\"wp-image-206\"\/><\/figure>\n\n\n\n<figure class=\"wp-block-image size-full\"><img decoding=\"async\" src=\"http:\/\/covid19.saludsonora.gob.mx\/wp-content\/uploads\/2020\/04\/NOTACUARENTENAENCASA.jpg\" alt=\"\" class=\"wp-image-206\"\/><\/figure>\n\n\n\n<p>\n<object width=\"800\" height=\"900\" data=\"http:\/\/templatedgprospe.saludsonora.gob.mx\/images\/covid19\/BienestarRelaciones\/MaterialApoyoFamilia\/GuiaInformativaDePromocionALaSaludEnCOVID19SONORA.pdf\" type=\"application\/pdf\"><\/object>\n<\/p>\n\n\n\n<h2 id=\"Habitos\">H\u00e1bitos Saludables<\/h2>\n\n\n\n<figure class=\"wp-block-image size-full\"><img loading=\"lazy\" decoding=\"async\" width=\"1280\" height=\"1280\" src=\"http:\/\/covid19.saludsonora.gob.mx\/wp-content\/uploads\/2020\/09\/PERSONAS-VULNERABLES.jpeg\" alt=\"\" class=\"wp-image-1668\" srcset=\"http:\/\/covid19.saludsonora.gob.mx\/wp-content\/uploads\/2020\/09\/PERSONAS-VULNERABLES.jpeg 1280w, http:\/\/covid19.saludsonora.gob.mx\/wp-content\/uploads\/2020\/09\/PERSONAS-VULNERABLES-300x300.jpeg 300w, http:\/\/covid19.saludsonora.gob.mx\/wp-content\/uploads\/2020\/09\/PERSONAS-VULNERABLES-1024x1024.jpeg 1024w, http:\/\/covid19.saludsonora.gob.mx\/wp-content\/uploads\/2020\/09\/PERSONAS-VULNERABLES-150x150.jpeg 150w, http:\/\/covid19.saludsonora.gob.mx\/wp-content\/uploads\/2020\/09\/PERSONAS-VULNERABLES-768x768.jpeg 768w, http:\/\/covid19.saludsonora.gob.mx\/wp-content\/uploads\/2020\/09\/PERSONAS-VULNERABLES-1536x1536.jpeg 1536w, http:\/\/covid19.saludsonora.gob.mx\/wp-content\/uploads\/2020\/09\/PERSONAS-VULNERABLES-2048x2048.jpeg 2048w\" sizes=\"(max-width: 1280px) 100vw, 1280px\" \/><\/figure>\n\n\n\n<figure class=\"wp-block-image size-full\"><img decoding=\"async\" src=\"http:\/\/covid19.saludsonora.gob.mx\/wp-content\/uploads\/2020\/08\/SI-TIENES-SINTOMAS-COVID-19-2.jpg\" alt=\"\" class=\"wp-image-206\"\/><\/figure>\n\n\n\n<div class=\"wp-block-image size-full\"><figure class=\"aligncenter size-large\"><img loading=\"lazy\" decoding=\"async\" width=\"1024\" height=\"1024\" src=\"http:\/\/covid19.saludsonora.gob.mx\/wp-content\/uploads\/2020\/08\/PORQUE-USAR-CARETA-1024x1024.jpg\" alt=\"\" class=\"wp-image-1614\" srcset=\"http:\/\/covid19.saludsonora.gob.mx\/wp-content\/uploads\/2020\/08\/PORQUE-USAR-CARETA-1024x1024.jpg 1024w, http:\/\/covid19.saludsonora.gob.mx\/wp-content\/uploads\/2020\/08\/PORQUE-USAR-CARETA-300x300.jpg 300w, http:\/\/covid19.saludsonora.gob.mx\/wp-content\/uploads\/2020\/08\/PORQUE-USAR-CARETA-150x150.jpg 150w, http:\/\/covid19.saludsonora.gob.mx\/wp-content\/uploads\/2020\/08\/PORQUE-USAR-CARETA-1536x1536.jpg 1536w, http:\/\/covid19.saludsonora.gob.mx\/wp-content\/uploads\/2020\/08\/PORQUE-USAR-CARETA-2048x2048.jpg 2048w\" sizes=\"(max-width: 1024px) 100vw, 1024px\" \/><\/figure><\/div>\n\n\n\n<div class=\"wp-block-image size-full\"><figure class=\"aligncenter size-full\"><img loading=\"lazy\" decoding=\"async\" width=\"2230\" height=\"2461\" src=\"http:\/\/covid19.saludsonora.gob.mx\/wp-content\/uploads\/2020\/08\/CUIDADOS-DE-TU-CARETA-final.jpg\" alt=\"\" class=\"wp-image-1612\" srcset=\"http:\/\/covid19.saludsonora.gob.mx\/wp-content\/uploads\/2020\/08\/CUIDADOS-DE-TU-CARETA-final.jpg 2230w, http:\/\/covid19.saludsonora.gob.mx\/wp-content\/uploads\/2020\/08\/CUIDADOS-DE-TU-CARETA-final-768x847.jpg 768w\" sizes=\"(max-width: 2230px) 100vw, 2230px\" \/><\/figure><\/div>\n\n\n\n<figure class=\"wp-block-image size-full\"><img decoding=\"async\" src=\"http:\/\/covid19.saludsonora.gob.mx\/wp-content\/uploads\/2020\/08\/COMO-DESINFECTAR-LA-CARETA.jpg\" alt=\"\" class=\"wp-image-206\"\/><\/figure>\n\n\n\n<figure class=\"wp-block-image size-full\"><img decoding=\"async\" src=\"http:\/\/covid19.saludsonora.gob.mx\/wp-content\/uploads\/2020\/07\/COMO-QUITAR-GUANTES-1.jpg\" alt=\"\" class=\"wp-image-206\"\/><\/figure>\n\n\n\n<figure class=\"wp-block-image size-full\"><img decoding=\"async\" src=\"http:\/\/covid19.saludsonora.gob.mx\/wp-content\/uploads\/2020\/05\/LAVADOYDESINFECCI\u00d3N.jpg\" alt=\"\" class=\"wp-image-206\"\/><\/figure>\n\n\n\n<figure class=\"wp-block-image size-full\"><img loading=\"lazy\" decoding=\"async\" width=\"1701\" height=\"2362\" src=\"http:\/\/covid19.saludsonora.gob.mx\/wp-content\/uploads\/2020\/04\/ABUELOS.jpg\" alt=\"\" class=\"wp-image-206\" srcset=\"http:\/\/covid19.saludsonora.gob.mx\/wp-content\/uploads\/2020\/04\/ABUELOS.jpg 1701w, http:\/\/covid19.saludsonora.gob.mx\/wp-content\/uploads\/2020\/04\/ABUELOS-768x1066.jpg 768w\" sizes=\"(max-width: 1701px) 100vw, 1701px\" \/><\/figure>\n\n\n\n<h2 id=\"Ejercicio\">Ejercicio<\/h2>\n\n\n\n<div class=\"wp-block-image size-full\"><figure class=\"aligncenter\"><img decoding=\"async\" src=\"http:\/\/covid19.saludsonora.gob.mx\/wp-content\/uploads\/2020\/08\/MANTENTE-ACTIVO-2.jpg\" alt=\"\" class=\"wp-image-206\"\/><\/figure><\/div>\n\n\n\n<h2 id=\"Cuidado\">Cuidado Emocional<\/h2>\n\n\n\n<figure class=\"wp-block-image size-full\"><img decoding=\"async\" src=\"http:\/\/covid19.saludsonora.gob.mx\/wp-content\/uploads\/2020\/04\/NOTACOMPRAS.jpg\" alt=\"\" class=\"wp-image-206\"\/><\/figure>\n\n\n\n<h2 id=\"Ninos\">Material de Apoyo Para Ni\u00f1os<\/h2>\n\n\n\n<figure class=\"wp-block-image size-large size-full\"><img decoding=\"async\" src=\"http:\/\/covid19.saludsonora.gob.mx\/wp-content\/uploads\/2021\/04\/10-PASOS-NINOS-covid.jpg\" alt=\"\" class=\"wp-image-2161\"\/><\/figure>\n\n\n\n<h2 id=\"QueSoloTePiquenLasGanas\">Que solo te piquen las ganas&#8230;<\/h2>\n\n\n\n<figure class=\"wp-block-image size-full\"><img loading=\"lazy\" decoding=\"async\" width=\"1280\" height=\"1152\" src=\"http:\/\/covid19.saludsonora.gob.mx\/wp-content\/uploads\/2021\/04\/PREVENIR.jpg\" alt=\"\" class=\"wp-image-2188\" srcset=\"http:\/\/covid19.saludsonora.gob.mx\/wp-content\/uploads\/2021\/04\/PREVENIR.jpg 1280w, http:\/\/covid19.saludsonora.gob.mx\/wp-content\/uploads\/2021\/04\/PREVENIR-768x691.jpg 768w\" sizes=\"(max-width: 1280px) 100vw, 1280px\" \/><\/figure>\n\n\n\n<figure class=\"wp-block-image size-full\"><img loading=\"lazy\" decoding=\"async\" width=\"1280\" height=\"1152\" src=\"http:\/\/covid19.saludsonora.gob.mx\/wp-content\/uploads\/2021\/04\/LIMPIAR.jpg\" alt=\"\" class=\"wp-image-2191\" srcset=\"http:\/\/covid19.saludsonora.gob.mx\/wp-content\/uploads\/2021\/04\/LIMPIAR.jpg 1280w, http:\/\/covid19.saludsonora.gob.mx\/wp-content\/uploads\/2021\/04\/LIMPIAR-768x691.jpg 768w\" sizes=\"(max-width: 1280px) 100vw, 1280px\" \/><\/figure>\n\n\n\n<figure class=\"wp-block-image size-full\"><img loading=\"lazy\" decoding=\"async\" width=\"1280\" height=\"1152\" src=\"http:\/\/covid19.saludsonora.gob.mx\/wp-content\/uploads\/2021\/04\/AMBIENTES.jpg\" alt=\"\" class=\"wp-image-2190\" srcset=\"http:\/\/covid19.saludsonora.gob.mx\/wp-content\/uploads\/2021\/04\/AMBIENTES.jpg 1280w, http:\/\/covid19.saludsonora.gob.mx\/wp-content\/uploads\/2021\/04\/AMBIENTES-768x691.jpg 768w\" sizes=\"(max-width: 1280px) 100vw, 1280px\" \/><\/figure>\n\n\n\n<figure class=\"wp-block-image size-full\"><img loading=\"lazy\" decoding=\"async\" width=\"1280\" height=\"1152\" src=\"http:\/\/covid19.saludsonora.gob.mx\/wp-content\/uploads\/2021\/04\/SALUDABLE.jpg\" alt=\"\" class=\"wp-image-2189\" srcset=\"http:\/\/covid19.saludsonora.gob.mx\/wp-content\/uploads\/2021\/04\/SALUDABLE.jpg 1280w, http:\/\/covid19.saludsonora.gob.mx\/wp-content\/uploads\/2021\/04\/SALUDABLE-768x691.jpg 768w\" sizes=\"(max-width: 1280px) 100vw, 1280px\" \/><\/figure>\n","protected":false},"excerpt":{"rendered":"<p>Alimentaci\u00f3n Material de Apoyo Para Cuidados en la Familia H\u00e1bitos Saludables Ejercicio Cuidado Emocional Material de Apoyo Para Ni\u00f1os Que solo te piquen las ganas&#8230;<\/p>\n","protected":false},"author":3,"featured_media":0,"parent":0,"menu_order":0,"comment_status":"closed","ping_status":"closed","template":"","meta":{"footnotes":""},"_links":{"self":[{"href":"http:\/\/covid19.saludsonora.gob.mx\/index.php?rest_route=\/wp\/v2\/pages\/132"}],"collection":[{"href":"http:\/\/covid19.saludsonora.gob.mx\/index.php?rest_route=\/wp\/v2\/pages"}],"about":[{"href":"http:\/\/covid19.saludsonora.gob.mx\/index.php?rest_route=\/wp\/v2\/types\/page"}],"author":[{"embeddable":true,"href":"http:\/\/covid19.saludsonora.gob.mx\/index.php?rest_route=\/wp\/v2\/users\/3"}],"replies":[{"embeddable":true,"href":"http:\/\/covid19.saludsonora.gob.mx\/index.php?rest_route=%2Fwp%2Fv2%2Fcomments&post=132"}],"version-history":[{"count":49,"href":"http:\/\/covid19.saludsonora.gob.mx\/index.php?rest_route=\/wp\/v2\/pages\/132\/revisions"}],"predecessor-version":[{"id":2193,"href":"http:\/\/covid19.saludsonora.gob.mx\/index.php?rest_route=\/wp\/v2\/pages\/132\/revisions\/2193"}],"wp:attachment":[{"href":"http:\/\/covid19.saludsonora.gob.mx\/index.php?rest_route=%2Fwp%2Fv2%2Fmedia&parent=132"}],"curies":[{"name":"wp","href":"https:\/\/api.w.org\/{rel}","templated":true}]}}